[INFO] fetching crate mockers_codegen 0.9.4...
[INFO] checking mockers_codegen-0.9.4 against try#72f88fc4e9458f89516a0b8b0868f3718aec5b47 for pr-74989
[INFO] extracting crate mockers_codegen 0.9.4 into /workspace/builds/worker-3/source
[INFO] validating manifest of crates.io crate mockers_codegen 0.9.4 on toolchain 72f88fc4e9458f89516a0b8b0868f3718aec5b47
[INFO] running `Command { std: "/workspace/cargo-home/bin/cargo" "+72f88fc4e9458f89516a0b8b0868f3718aec5b47" "read-manifest" "--manifest-path" "Cargo.toml", kill_on_drop: false }`
[INFO] started tweaking crates.io crate mockers_codegen 0.9.4
[INFO] finished tweaking crates.io crate mockers_codegen 0.9.4
[INFO] tweaked toml for crates.io crate mockers_codegen 0.9.4 written to /workspace/builds/worker-3/source/Cargo.toml
[INFO] running `Command { std: "/workspace/cargo-home/bin/cargo" "+72f88fc4e9458f89516a0b8b0868f3718aec5b47" "generate-lockfile" "--manifest-path" "Cargo.toml" "-Zno-index-update", kill_on_drop: false }`
[INFO] [stderr]     Blocking waiting for file lock on package cache
[INFO] running `Command { std: "/workspace/cargo-home/bin/cargo" "+72f88fc4e9458f89516a0b8b0868f3718aec5b47" "fetch" "--locked" "--manifest-path" "Cargo.toml", kill_on_drop: false }`
[INFO] [stderr]     Blocking waiting for file lock on package cache
[INFO] [stderr]     Blocking waiting for file lock on package cache
[INFO] running `Command { std: "docker" "create" "-v" "/var/lib/crater-agent-workspace/builds/worker-3/target:/opt/rustwide/target:rw,Z" "-v" "/var/lib/crater-agent-workspace/builds/worker-3/source:/opt/rustwide/workdir:ro,Z" "-v" "/var/lib/crater-agent-workspace/cargo-home:/opt/rustwide/cargo-home:ro,Z" "-v" "/var/lib/crater-agent-workspace/rustup-home:/opt/rustwide/rustup-home:ro,Z" "-e" "SOURCE_DIR=/opt/rustwide/workdir" "-e" "CARGO_TARGET_DIR=/opt/rustwide/target" "-e" "CARGO_HOME=/opt/rustwide/cargo-home" "-e" "RUSTUP_HOME=/opt/rustwide/rustup-home" "-w" "/opt/rustwide/workdir" "-m" "1610612736" "--user" "0:0" "--network" "none" "rustops/crates-build-env@sha256:d92eaeed33fa75130ca1ee6c8a01d1ffb62bac859dfdfb3450e3e5d1c0146529" "/opt/rustwide/cargo-home/bin/cargo" "+72f88fc4e9458f89516a0b8b0868f3718aec5b47" "metadata" "--no-deps" "--format-version=1", kill_on_drop: false }`
[INFO] [stderr] WARNING: Your kernel does not support swap limit capabilities or the cgroup is not mounted. Memory limited without swap.
[INFO] [stdout] 2a8f40b0d7b42e6aa1e2aee3e861660322bbf3cac3b58e828471b662a6a214c0
[INFO] running `Command { std: "docker" "start" "-a" "2a8f40b0d7b42e6aa1e2aee3e861660322bbf3cac3b58e828471b662a6a214c0", kill_on_drop: false }`
[INFO] running `Command { std: "docker" "inspect" "2a8f40b0d7b42e6aa1e2aee3e861660322bbf3cac3b58e828471b662a6a214c0", kill_on_drop: false }`
[INFO] running `Command { std: "docker" "rm" "-f" "2a8f40b0d7b42e6aa1e2aee3e861660322bbf3cac3b58e828471b662a6a214c0", kill_on_drop: false }`
[INFO] [stdout] 2a8f40b0d7b42e6aa1e2aee3e861660322bbf3cac3b58e828471b662a6a214c0
[INFO] running `Command { std: "docker" "create" "-v" "/var/lib/crater-agent-workspace/builds/worker-3/target:/opt/rustwide/target:rw,Z" "-v" "/var/lib/crater-agent-workspace/builds/worker-3/source:/opt/rustwide/workdir:ro,Z" "-v" "/var/lib/crater-agent-workspace/cargo-home:/opt/rustwide/cargo-home:ro,Z" "-v" "/var/lib/crater-agent-workspace/rustup-home:/opt/rustwide/rustup-home:ro,Z" "-e" "SOURCE_DIR=/opt/rustwide/workdir" "-e" "CARGO_TARGET_DIR=/opt/rustwide/target" "-e" "CARGO_INCREMENTAL=0" "-e" "RUST_BACKTRACE=full" "-e" "RUSTFLAGS=--cap-lints=forbid" "-e" "CARGO_HOME=/opt/rustwide/cargo-home" "-e" "RUSTUP_HOME=/opt/rustwide/rustup-home" "-w" "/opt/rustwide/workdir" "-m" "1610612736" "--user" "0:0" "--network" "none" "rustops/crates-build-env@sha256:d92eaeed33fa75130ca1ee6c8a01d1ffb62bac859dfdfb3450e3e5d1c0146529" "/opt/rustwide/cargo-home/bin/cargo" "+72f88fc4e9458f89516a0b8b0868f3718aec5b47" "check" "--frozen" "--all" "--all-targets" "--message-format=json", kill_on_drop: false }`
[INFO] [stdout] 20ad2441fbe245869f9f87ff4a70e1a4f6cb8f132664bb3b86fabb7354ce4c94
[INFO] [stderr] WARNING: Your kernel does not support swap limit capabilities or the cgroup is not mounted. Memory limited without swap.
[INFO] running `Command { std: "docker" "start" "-a" "20ad2441fbe245869f9f87ff4a70e1a4f6cb8f132664bb3b86fabb7354ce4c94", kill_on_drop: false }`
[INFO] [stderr]    Compiling mockers_codegen v0.9.4 (/opt/rustwide/workdir)
[INFO] [stdout] error[E0557]: feature has been removed
[INFO] [stdout]  --> src/lib.rs:1:49
[INFO] [stdout]   |
[INFO] [stdout] 1 | #![cfg_attr(not(feature="with-syntex"), feature(quote, rustc_private))]
[INFO] [stdout]   |                                                 ^^^^^ feature has been removed
[INFO] [stdout] 
[INFO] [stdout] 
[INFO] [stdout] error[E0557]: feature has been removed
[INFO] [stdout]  --> src/lib.rs:1:49
[INFO] [stdout]   |
[INFO] [stdout] 1 | #![cfg_attr(not(feature="with-syntex"), feature(quote, rustc_private))]
[INFO] [stdout]   |                                                 ^^^^^ feature has been removed
[INFO] [stdout] 
[INFO] [stdout] 
[INFO] [stdout] error[E0463]: can't find crate for `syntax`
[INFO] [stdout]  --> src/lib.rs:7:36
[INFO] [stdout]   |
[INFO] [stdout] 7 | #[cfg(not(feature="with-syntex"))] extern crate syntax;
[INFO] [stdout]   |                                    ^^^^^^^^^^^^^^^^^^^^ can't find crate
[INFO] [stdout] 
[INFO] [stdout] 
[INFO] [stdout] error: aborting due to 2 previous errors
[INFO] [stdout] 
[INFO] [stdout] 
[INFO] [stdout] Some errors have detailed explanations: E0463, E0557.
[INFO] [stdout] 
[INFO] [stdout] For more information about an error, try `rustc --explain E0463`.
[INFO] [stdout] 
[INFO] [stderr] error: could not compile `mockers_codegen`.
[INFO] [stderr] 
[INFO] [stderr] To learn more, run the command again with --verbose.
[INFO] [stderr] warning: build failed, waiting for other jobs to finish...
[INFO] [stdout] error[E0463]: can't find crate for `syntax`
[INFO] [stdout]  --> src/lib.rs:7:36
[INFO] [stdout]   |
[INFO] [stdout] 7 | #[cfg(not(feature="with-syntex"))] extern crate syntax;
[INFO] [stdout]   |                                    ^^^^^^^^^^^^^^^^^^^^ can't find crate
[INFO] [stdout] 
[INFO] [stdout] 
[INFO] [stdout] error: aborting due to 2 previous errors
[INFO] [stdout] 
[INFO] [stdout] 
[INFO] [stdout] Some errors have detailed explanations: E0463, E0557.
[INFO] [stdout] 
[INFO] [stdout] For more information about an error, try `rustc --explain E0463`.
[INFO] [stdout] 
[INFO] [stderr] error: build failed
[INFO] running `Command { std: "docker" "inspect" "20ad2441fbe245869f9f87ff4a70e1a4f6cb8f132664bb3b86fabb7354ce4c94", kill_on_drop: false }`
[INFO] running `Command { std: "docker" "rm" "-f" "20ad2441fbe245869f9f87ff4a70e1a4f6cb8f132664bb3b86fabb7354ce4c94", kill_on_drop: false }`
[INFO] [stdout] 20ad2441fbe245869f9f87ff4a70e1a4f6cb8f132664bb3b86fabb7354ce4c94
